{"id":1428,"date":"2020-01-07T15:41:19","date_gmt":"2020-01-07T15:41:19","guid":{"rendered":"http:\/\/home.hochwaldkelten.de\/?page_id=1428"},"modified":"2020-01-07T15:45:59","modified_gmt":"2020-01-07T15:45:59","slug":"naeh-und-basteltag-in-schwarzenbach","status":"publish","type":"page","link":"http:\/\/home.hochwaldkelten.de\/naeh-und-basteltag-in-schwarzenbach\/","title":{"rendered":"N\u00e4h- und Basteltag in Schwarzenbach"},"content":{"rendered":"\t\t<div data-elementor-type=\"wp-page\" data-elementor-id=\"1428\" class=\"elementor elementor-1428\" data-elementor-post-type=\"page\">\n\t\t\t\t\t\t<section class=\"elementor-section elementor-top-section elementor-element elementor-element-5a944c64 elementor-section-boxed elementor-section-height-default elementor-section-height-default\" data-id=\"5a944c64\" data-element_type=\"section\" data-e-type=\"section\">\n\t\t\t\t\t\t<div class=\"elementor-container elementor-column-gap-default\">\n\t\t\t\t\t<div class=\"elementor-column elementor-col-100 elementor-top-column elementor-element elementor-element-6040ed1\" data-id=\"6040ed1\" data-element_type=\"column\" data-e-type=\"column\">\n\t\t\t<div class=\"elementor-widget-wrap elementor-element-populated\">\n\t\t\t\t\t\t<div class=\"elementor-element elementor-element-a57fffa elementor-widget elementor-widget-heading\" data-id=\"a57fffa\" data-element_type=\"widget\" data-e-type=\"widget\" data-widget_type=\"heading.default\">\n\t\t\t\t<div class=\"elementor-widget-container\">\n\t\t\t\t\t<h2 class=\"elementor-heading-title elementor-size-default\">N\u00e4h- und Basteltage<\/h2>\t\t\t\t<\/div>\n\t\t\t\t<\/div>\n\t\t\t\t<div class=\"elementor-element elementor-element-671fe6fe elementor-widget elementor-widget-text-editor\" data-id=\"671fe6fe\" data-element_type=\"widget\" data-e-type=\"widget\" data-widget_type=\"text-editor.default\">\n\t\t\t\t<div class=\"elementor-widget-container\">\n\t\t\t\t\t\t\t\t\t\n<p><span style=\"color: #000000;\">Am kommenden Samstag, den\u00a0<strong>11. Januar<\/strong>,\u00a0 und am\u00a0<strong>15. Februar<\/strong>\u00a0veranstalten wir in der Gastst\u00e4tte\u00a0<em>Zum Freihof<\/em>\u00a0in Schwarzenbach die beliebten N\u00e4h- und Basteltage. Bei diesen Treffen kann man in gem\u00fctlicher Atmosph\u00e4re am Kaminofen an seiner keltischen Kleidung f\u00fcr die kommende Saison arbeiten. Es ist eine gute Gelegenheit, zu erz\u00e4hlen und sich auszutauschen, sich vorzubereiten, Pl\u00e4ne zu schmieden und vom Sommer zu tr\u00e4umen&#8230;<\/span><\/p>\n<p><span style=\"color: #000000;\"><\/span><\/p>\n<p><span style=\"color: #000000;\">Termine: 11.01.; 15.02.<\/span><\/p>\n<p><span style=\"color: #000000;\"><\/span><\/p>\n<p><span style=\"color: #000000;\">Uhrzeit: 10.00-16.00 Uhr<\/span><\/p>\n<p><span style=\"color: #000000;\"><\/span><\/p>\n<p><span style=\"color: #000000;\">Adresse: Zum Freihof, Oldenburger Stra\u00dfe 22, 66620 Nonnweiler-Schwarzenbach<\/span><\/p>\n\t\t\t\t\t\t\t\t<\/div>\n\t\t\t\t<\/div>\n\t\t\t\t\t<\/div>\n\t\t<\/div>\n\t\t\t\t\t<\/div>\n\t\t<\/section>\n\t\t\t\t<\/div>\n\t\t","protected":false},"excerpt":{"rendered":"<p>N\u00e4h- und Basteltage Am kommenden Samstag, den\u00a011. Januar,\u00a0 und am\u00a015. Februar\u00a0veranstalten wir in der Gastst\u00e4tte\u00a0Zum Freihof\u00a0in Schwarzenbach die beliebten N\u00e4h- und Basteltage. Bei diesen Treffen kann man in gem\u00fctlicher Atmosph\u00e4re am Kaminofen an seiner keltischen Kleidung f\u00fcr die kommende Saison arbeiten. Es ist eine gute Gelegenheit, zu erz\u00e4hlen und sich auszutauschen, sich vorzubereiten, Pl\u00e4ne zu &hellip; <\/p>\n<p class=\"link-more\"><a href=\"http:\/\/home.hochwaldkelten.de\/naeh-und-basteltag-in-schwarzenbach\/\" class=\"more-link\"><span class=\"screen-reader-text\">\u201eN\u00e4h- und Basteltag in Schwarzenbach\u201c<\/span> weiterlesen<\/a><\/p>\n","protected":false},"author":1,"featured_media":0,"parent":0,"menu_order":0,"comment_status":"closed","ping_status":"closed","template":"","meta":{"footnotes":""},"class_list":["post-1428","page","type-page","status-publish","hentry"],"_links":{"self":[{"href":"http:\/\/home.hochwaldkelten.de\/wp-json\/wp\/v2\/pages\/1428","targetHints":{"allow":["GET"]}}],"collection":[{"href":"http:\/\/home.hochwaldkelten.de\/wp-json\/wp\/v2\/pages"}],"about":[{"href":"http:\/\/home.hochwaldkelten.de\/wp-json\/wp\/v2\/types\/page"}],"author":[{"embeddable":true,"href":"http:\/\/home.hochwaldkelten.de\/wp-json\/wp\/v2\/users\/1"}],"replies":[{"embeddable":true,"href":"http:\/\/home.hochwaldkelten.de\/wp-json\/wp\/v2\/comments?post=1428"}],"version-history":[{"count":3,"href":"http:\/\/home.hochwaldkelten.de\/wp-json\/wp\/v2\/pages\/1428\/revisions"}],"predecessor-version":[{"id":1434,"href":"http:\/\/home.hochwaldkelten.de\/wp-json\/wp\/v2\/pages\/1428\/revisions\/1434"}],"wp:attachment":[{"href":"http:\/\/home.hochwaldkelten.de\/wp-json\/wp\/v2\/media?parent=1428"}],"curies":[{"name":"wp","href":"https:\/\/api.w.org\/{rel}","templated":true}]}}